620 = 0. Is u prime?
False
Suppose 5*i - 30 = -5*r, 0*i - 10 = -i - 5*r. Suppose 7*c = -2*c + 2628. Suppose -63 = -i*k + c. Is k a composite number?
False
Suppose 2*y = -4*d + 21526, 5*y - 9*d = -12*d + 53780. Is y prime?
True
Suppose -4*b + 28 = 0, 37*l = 32*l - 7*b + 126144. Is l prime?
True
Suppose -863*t + 867*t - 20 = 0. Let k(p) = 100*p**2 - 4*p + 4. Let l be k(6). Suppose -c = -t*c + l. Is c a composite number?
True
Let v(w) be the second derivative of 7*w**5/20 + 19*w**4/12 - 5*w**3/6 + 23*w**2/2 - 3*w + 22. Is v(8) a prime number?
True
Suppose -3*t + 4*t + 23 = 0. Let r = t + 23. Suppose 0*i - 1165 = -5*i + 2*p, 5*p - 25 = r. Is i a composite number?
True
Let x = -113 - -124. Is (-8)/(-2) - (-15352)/(x - 3) a prime number?
False
Let q = -44 - -49. Suppose 0 = q*h - 19621 - 1514. Let x = -2898 + h. Is x a prime number?
False
Suppose v - 4585 = -a, -4*v - a + 24071 = 5746. Let g = v + -1519. Is g composite?
False
Let f be 19/3 - 15/45. Let l be 1/((-3)/(-12) - f/8). Is (4/(-2))/l*(-1 - -448) a composite number?
True
Suppose 3*u - 9 = -3*x, 9*u - 4*u = -3*x + 13. Suppose -u*w + 4*i = 8, -w - 5*i - 2 = -5. Let m(p) = -253*p + 15. Is m(w) a composite number?
False
Suppose 3351178 = 48*j - 203942. Is j composite?
True
Suppose -2*j + 19 = 5*k, 0*k = k - 5*j - 20. Suppose 2*i - 6*i + 6831 = 5*c, -8540 = -k*i - 5*c. Is i composite?
False
Let l = -104 - -106. Is 4/(-22) + l/11 - -12197 a composite number?
False
Suppose 6 = 2*k - 2. Suppose -i + 18 = 4*p + 2*i, -2*p + 20 = -k*i. Is p/(-24) - (-845)/4 prime?
True
Let n(o) = 90*o - 16. Suppose 0 = 16*t - 17*t - 1. Let v(b) = 1. Let w(y) = t*n(y) - 2*v(y). Is w(-6) a composite number?
True
Is 1363052 + -2 + 173 + -166 a composite number?
True
Let x(b) be the third derivative of 241*b**5/6 + b**4/24 + 121*b**2. Is x(1) composite?
False
Suppose a - 448 = u + 3666, 0 = 3*u + 9. Is a prime?
True
Suppose 5*w - 3 = -18. Let g(f) = -272*f + 1. Let m be g(w). Let z = 1580 - m. Is z prime?
False
Let r = 583 + -605. Is (2859 - 2)*(r + 23) prime?
True
Let p(n) = 6*n**2 + 183*n - 110. Is p(-51) a composite number?
False
Let p(o) = -o**3 - 12*o**2 - 19*o - 17. Let s(x) = x**2 - 25*x + 8. Let w be s(22). Let z be w/5 - 6/15. Is p(z) prime?
True
Let t = 48 + -47. Let o be ((-3)/(-4))/((-3)/12)*t. Is ((-1795)/o)/(1/3) prime?
False
Let l(z) = -5*z**3 - 25*z**2 + 17*z + 107. Is l(-10) prime?
True
Let o(m) = 871*m**2 - 87*m + 111. Is o(10) a composite number?
False
Let a(n) = -44*n + 66. Let g be (-84)/(-16)*(-1 - 3). Let p be a(g). Suppose p = 2*m + 4*x, -6*m + 2*x = -11*m + 2507. Is m a prime number?
True
Let b = -27 - -23. Let i be ((-4)/b - 1)*-1. Suppose 0 = -9*y - i*y + 198. Is y prime?
False
Let c(x) = -50*x - 470. Let a be c(-10). Suppose -a*k + 41*k - 37367 = 0. Is k a composite number?
True
Is (-1086298972)/(-1540) - 8/(-140) a composite number?
False
Suppose -14 = 2*z - 24. Is (2758 + 3 + z)*(-2)/(-4) a composite number?
True
Suppose 0 = -70*g + 62*g + 200. Let v be (-34)/4 - 1/(-2). Is g/(-10)*v + 3 a composite number?
False
Let k(c) = 8022*c + 1187. Is k(6) prime?
False
Let o(h) = h**2 + h. Let z(s) = 408*s**2 - s - 15. Let g(q) = -5*o(q) + z(q). Is g(-4) a composite number?
True
Is (142752 + -231)/((-2)/(-5) + 13/5) a prime number?
True
Suppose -2*t = 30 - 98. Suppose 42*r - 39256 = t*r. Is r a prime number?
False
Is 5/(60/304)*(-8229)/(-52) prime?
False
Suppose 5*v - 1355625 = -5*j, -5*v + 516304 + 839341 = -5*j. Is v a composite number?
False
Let r(l) = -12499*l**3 - 2*l**2 - 3*l + 13. Is r(-2) a composite number?
False
Let n(t) = t**3 + 20*t**2 - 16*t + 35. Let x be n(-17). Suppose -5*m + 2126 = i, i + 4*m = x + 949. Is i composite?
False
Suppose -7835 = -94*l + 89*l. Is (l - -1 - 5)/1 a composite number?
True
Let w be ((-10)/(-6))/(17/51). Suppose w*x + c + 158 = 0, 126 = -4*x - 2*c + c. Is (-93460)/x + (-9)/(-24) a prime number?
False
Let s = -1335343 + 2551848. Is s a prime number?
False
Let q(y) = -53*y - 179. Let o(t) = 107*t + 357. Let x(u) = 6*o(u) + 11*q(u). Is x(30) a prime number?
False
Let h(y) = -y**3 + 5*y**2 + 50*y + 3. Let t be h(10). Let b(j) = 183*j**2 + 2*j + 4. Is b(t) prime?
True
Let i = 44 + -32. Suppose -4*y - v = -3*v + 2, 2*v - i = -y. Suppose 4*u = -4*h + 2161 + 391, -u - 1261 = -y*h. Is h a composite number?
True
Suppose 4*l = -5*l. Suppose l = 5*g + 3*g - 269528. Is g a prime number?
False
Let y(k) = -2*k - 17. Let c be y(-13). Let t(q) = q**3 + 10*q**2 - 4*q - 9. Let x be t(c). Suppose -92 + x = 2*l. Is l prime?
True
Suppose -506876 = -15*q + 322054. Is q a prime number?
False
Suppose -5*s + 191092 = -2054*x + 2053*x, -3*s = -2*x - 114651. Is s a prime number?
True
Let q = -98 + 92. Is 25383/5 + (q - 32/(-5)) composite?
False
Suppose t = 3*f + 405221, 1215653 = 18*t - 15*t - 4*f. Is t a composite number?
True
Suppose -3*n = -5*z + 1, -4*z + 8 + 3 = n. Suppose n*d + 0*d = 4*i - 11, -5*d + 3*i = 0. Suppose -d*a - r = -982, 444 = a + 2*r + 110. Is a prime?
False
Let x = -127 + 138. Suppose -a + 7*p = 10*p + x, -2 = -2*a + 2*p. Is (591/a - -2)/((-7)/14) a composite number?
False
Let n(j) = -j**2 + 10*j + 44. Let o be n(13). Suppose o*l - 27 = 83. Suppose 0 = 26*i - l*i - 11236. Is i composite?
True
Let f = 1646 - 4147. Let d be -3 - ((-16900)/(-2))/(-2). Let y = d + f. Is y a composite number?
False
Let o = 253 - 256. Let v(m) = -145*m - 44. Is v(o) a prime number?
False
Suppose 3483282 + 2353883 = 18*c - 644545. Is c composite?
True
Let n(r) = -6*r**3 + 7*r**2 - 5. Suppose 0 = -t + 2 - 5. Let c(u) = -5*u**3 + 6*u**2 - 5. Let k(f) = t*c(f) + 4*n(f). Is k(-4) composite?
True
Let s = -3396 + 7345. Is s a prime number?
False
Suppose 0 = o + 17120 - 4430. Let h = o + 18493. Suppose 0*l = 4*n + l - 7726, 5*l = -3*n + h. Is n prime?
True
Suppose 0 = 5*w + s + 98125 - 619581, -104292 = -w - s. Suppose w = 15*v + 4*v. Is v a composite number?
True
Let v(a) be the first derivative of -a**2 + 36*a + 31. Let b be v(15). Suppose 12*w - 8214 = b*w. Is w composite?
True
Suppose 5*i - 4*r = 299, 0 = 3*i - r - 0*r - 178. Let p = -54 + i. Suppose 3*b - 2*h - 421 = 0, 3*h = -p*b + 5*h + 703. Is b composite?
True
Suppose -3*i = 4*t - 198380, 2*t - 17121 - 82055 = -5*i. Is t prime?
False
Is (66 - (1 - 4))*(-2770)/(-30) composite?
True
Let c = 1451256 - 1010525. Is c a composite number?
False
Let v = -189 + 195. Is v/((-72)/(-2334))*2 a composite number?
False
Let a = -269 - -273. Suppose 217127 = 5*r + 16*w - 14*w, -a*r + 173696 = 3*w. Is r prime?
True
Let t(n) = 1182*n - 1. Let l(c) = -1181*c + 3. Let d(r) = 6*l(r) + 5*t(r). Is d(-1) a prime number?
False
Let l = 36 - 32. Suppose -81*z = -80*z - 172. Suppose -2*h + 424 = n, h + l*n = z + 33. Is h composite?
True
Let n(d) = -d**2 - 16*d - 18. Suppose -b - 2*b - 45 = 0. Let y be n(b). Is 596/2 - 2 - y a prime number?
False
Let w = 0 + 2. Let h(i) = 211*i**2 - 13*i + 0 + 11*i + w. Is h(1) a composite number?
False
Let y(u) = -5780*u - 901. Is y(-12) composite?
True
Let l be (12/(-10))/(((-28)/4)/(-105)). Is (-8022)/4*12/l prime?
False
Let n = 88511 + 79731. Is n a composite number?
True
Suppose 16 = -4*w, 0 = -4*a + w - 4*w + 20. Let l be 4777/68 - 2/a. Suppose -l + 222 = 8*v. Is v a composite number?
False
Let b(i) = 5888*i**3 - i**2 - 207*i + 607. Is b(3) composite?
True
Let q(g) = 120*g + 7. Let r be q(12). Suppose 3*x - 2*w = 1459, 4*w + r = 3*x - w. Let v = x + -232. Is v prime?
True
Suppose -u - 4*m + 12 = -2*m, -24 = -3*u - 3*m. Suppose -u*i - 1439 = -3*g, 4*g + 4*i - 3*i = 1887. Suppose 5*f - g = 4*f. Is f composite?
True
Is 50/20*(-5 - 161635/(-25)) composite?
True
Suppose -4*l = m + m - 48, 4*m - 60 = 4*l. Is -13773*(-6)/m + 6 composite?
False
Let u(y) = 169*y. Let p be u(3). Suppose -2*w = -6*w + v + 8516, 3*v = -12. Let h = w - p. Is h a composite number?
False
Suppose -2*w + 2185 = -273. Let o be (0 - 7568/(-33))*-3. Let h = o + w. Is h composite?
False
Let g = 70 + -66. Let u be 2 - 2 - 2/g*662. Let l = u + 534. Is l a composite number?
True
Let l(s) = -2164*s - 6. Let r be l(-2). Let k = r + -2513. Suppose 3*y - 450 = k. Is y composite?
True
Is (37/296)/((-1)/(-123112)) prime?
False
Let w = -611 - -998. Let v(h) = -h**2 - 14*h - 8. Let q be v(-13). Suppose 3*a = g + 592, -q*g - w + 14 = -2*a. Is a prime?
True
Let h = -11992 + 26